{"id":2365,"date":"2015-09-17T09:28:48","date_gmt":"2015-09-17T09:28:48","guid":{"rendered":"https:\/\/www.ecoterrazas.com\/blog\/home\/"},"modified":"2020-05-13T17:02:27","modified_gmt":"2020-05-13T17:02:27","slug":"home","status":"publish","type":"page","link":"https:\/\/www.ecoterrazas.com\/blog\/","title":{"rendered":"Home"},"content":{"rendered":"","protected":false},"excerpt":{"rendered":"","protected":false},"author":1,"featured_media":0,"parent":0,"menu_order":0,"comment_status":"closed","ping_status":"closed","template":"","meta":{"jetpack_post_was_ever_published":false,"footnotes":""},"class_list":["post-2365","page","type-page","status-publish",""],"yoast_head":"<!-- This site is optimized with the Yoast SEO plugin v27.5 - https:\/\/yoast.com\/product\/yoast-seo-wordpress\/ -->\n<title>Blog Ecoterrazas - Cultivo urbano<\/title>\n<meta name=\"description\" content=\"Blog de tendencias en jardiner\u00eda. Jard\u00edn urbano, vertical, para tu casa. Descubre nuevas formas de cultivo y plantas que te encantar\u00e1n.\" \/>\n<meta name=\"robots\" content=\"index, follow, max-snippet:-1, max-image-preview:large, max-video-preview:-1\" \/>\n<link rel=\"canonical\" href=\"https:\/\/www.ecoterrazas.com\/blog\/\" \/>\n<meta property=\"og:locale\" content=\"es_ES\" \/>\n<meta property=\"og:type\" content=\"article\" \/>\n<meta property=\"og:title\" content=\"Blog Ecoterrazas - Cultivo urbano\" \/>\n<meta property=\"og:description\" content=\"Blog de tendencias en jardiner\u00eda. Jard\u00edn urbano, vertical, para tu casa. Descubre nuevas formas de cultivo y plantas que te encantar\u00e1n.\" \/>\n<meta property=\"og:url\" content=\"https:\/\/www.ecoterrazas.com\/blog\/\" \/>\n<meta property=\"og:site_name\" content=\"Ecoterrazas\" \/>\n<meta property=\"article:modified_time\" content=\"2020-05-13T17:02:27+00:00\" \/>\n<script type=\"application\/ld+json\" class=\"yoast-schema-graph\">{\"@context\":\"https:\\\/\\\/schema.org\",\"@graph\":[{\"@type\":\"WebPage\",\"@id\":\"https:\\\/\\\/www.ecoterrazas.com\\\/blog\\\/\",\"url\":\"https:\\\/\\\/www.ecoterrazas.com\\\/blog\\\/\",\"name\":\"Blog Ecoterrazas - Cultivo urbano\",\"isPartOf\":{\"@id\":\"https:\\\/\\\/www.ecoterrazas.com\\\/blog\\\/#website\"},\"datePublished\":\"2015-09-17T09:28:48+00:00\",\"dateModified\":\"2020-05-13T17:02:27+00:00\",\"description\":\"Blog de tendencias en jardiner\u00eda. Jard\u00edn urbano, vertical, para tu casa. Descubre nuevas formas de cultivo y plantas que te encantar\u00e1n.\",\"inLanguage\":\"es\",\"potentialAction\":[{\"@type\":\"ReadAction\",\"target\":[\"https:\\\/\\\/www.ecoterrazas.com\\\/blog\\\/\"]}]},{\"@type\":\"WebSite\",\"@id\":\"https:\\\/\\\/www.ecoterrazas.com\\\/blog\\\/#website\",\"url\":\"https:\\\/\\\/www.ecoterrazas.com\\\/blog\\\/\",\"name\":\"Ecoterrazas\",\"description\":\"Plantas de aire y tendencias ecologicas\",\"potentialAction\":[{\"@type\":\"SearchAction\",\"target\":{\"@type\":\"EntryPoint\",\"urlTemplate\":\"https:\\\/\\\/www.ecoterrazas.com\\\/blog\\\/?s={search_term_string}\"},\"query-input\":{\"@type\":\"PropertyValueSpecification\",\"valueRequired\":true,\"valueName\":\"search_term_string\"}}],\"inLanguage\":\"es\"}]}<\/script>\n<!-- \/ Yoast SEO plugin. -->","yoast_head_json":{"title":"Blog Ecoterrazas - Cultivo urbano","description":"Blog de tendencias en jardiner\u00eda. Jard\u00edn urbano, vertical, para tu casa. Descubre nuevas formas de cultivo y plantas que te encantar\u00e1n.","robots":{"index":"index","follow":"follow","max-snippet":"max-snippet:-1","max-image-preview":"max-image-preview:large","max-video-preview":"max-video-preview:-1"},"canonical":"https:\/\/www.ecoterrazas.com\/blog\/","og_locale":"es_ES","og_type":"article","og_title":"Blog Ecoterrazas - Cultivo urbano","og_description":"Blog de tendencias en jardiner\u00eda. Jard\u00edn urbano, vertical, para tu casa. Descubre nuevas formas de cultivo y plantas que te encantar\u00e1n.","og_url":"https:\/\/www.ecoterrazas.com\/blog\/","og_site_name":"Ecoterrazas","article_modified_time":"2020-05-13T17:02:27+00:00","schema":{"@context":"https:\/\/schema.org","@graph":[{"@type":"WebPage","@id":"https:\/\/www.ecoterrazas.com\/blog\/","url":"https:\/\/www.ecoterrazas.com\/blog\/","name":"Blog Ecoterrazas - Cultivo urbano","isPartOf":{"@id":"https:\/\/www.ecoterrazas.com\/blog\/#website"},"datePublished":"2015-09-17T09:28:48+00:00","dateModified":"2020-05-13T17:02:27+00:00","description":"Blog de tendencias en jardiner\u00eda. Jard\u00edn urbano, vertical, para tu casa. Descubre nuevas formas de cultivo y plantas que te encantar\u00e1n.","inLanguage":"es","potentialAction":[{"@type":"ReadAction","target":["https:\/\/www.ecoterrazas.com\/blog\/"]}]},{"@type":"WebSite","@id":"https:\/\/www.ecoterrazas.com\/blog\/#website","url":"https:\/\/www.ecoterrazas.com\/blog\/","name":"Ecoterrazas","description":"Plantas de aire y tendencias ecologicas","potentialAction":[{"@type":"SearchAction","target":{"@type":"EntryPoint","urlTemplate":"https:\/\/www.ecoterrazas.com\/blog\/?s={search_term_string}"},"query-input":{"@type":"PropertyValueSpecification","valueRequired":true,"valueName":"search_term_string"}}],"inLanguage":"es"}]}},"jetpack_sharing_enabled":true,"jetpack_shortlink":"https:\/\/wp.me\/P2RF8Q-C9","_links":{"self":[{"href":"https:\/\/www.ecoterrazas.com\/blog\/wp-json\/wp\/v2\/pages\/2365","targetHints":{"allow":["GET"]}}],"collection":[{"href":"https:\/\/www.ecoterrazas.com\/blog\/wp-json\/wp\/v2\/pages"}],"about":[{"href":"https:\/\/www.ecoterrazas.com\/blog\/wp-json\/wp\/v2\/types\/page"}],"author":[{"embeddable":true,"href":"https:\/\/www.ecoterrazas.com\/blog\/wp-json\/wp\/v2\/users\/1"}],"replies":[{"embeddable":true,"href":"https:\/\/www.ecoterrazas.com\/blog\/wp-json\/wp\/v2\/comments?post=2365"}],"version-history":[{"count":1,"href":"https:\/\/www.ecoterrazas.com\/blog\/wp-json\/wp\/v2\/pages\/2365\/revisions"}],"predecessor-version":[{"id":3001,"href":"https:\/\/www.ecoterrazas.com\/blog\/wp-json\/wp\/v2\/pages\/2365\/revisions\/3001"}],"wp:attachment":[{"href":"https:\/\/www.ecoterrazas.com\/blog\/wp-json\/wp\/v2\/media?parent=2365"}],"curies":[{"name":"wp","href":"https:\/\/api.w.org\/{rel}","templated":true}]}}